98971 prime?
True
Is 16485674861 composite?
False
Is 3131987057 a prime number?
False
Is 17486298631 a prime number?
True
Is 206906351 a composite number?
False
Is 3357956939 a prime number?
False
Is 51726465307 prime?
False
Is 2175288191 composite?
False
Is 1592464781 composite?
False
Is 1008096307 composite?
False
Is 24929209 prime?
False
Is 9696924557 composite?
False
Is 1957002763 composite?
False
Is 55188626917 a prime number?
True
Is 82569880219 composite?
True
Is 2099827577 composite?
True
Is 20604427687 composite?
False
Is 42761201 a composite number?
True
Is 263525985221 composite?
False
Is 26663410499 prime?
False
Is 104843838101 a composite number?
False
Is 42441721579 prime?
True
Is 972134689 composite?
True
Is 238977169007 a prime number?
True
Is 1216466206 a composite number?
True
Is 7279547749 a composite number?
False
Is 10714499353 a prime number?
False
Is 1736464447 a prime number?
False
Is 112245701 prime?
True
Is 66980857583 a composite number?
True
Is 857630591 a prime number?
False
Is 7844174915 a composite number?
True
Is 37597395337 composite?
False
Is 4410025619 prime?
True
Is 30722324449 a composite number?
True
Is 30910017629 composite?
True
Is 327401209 prime?
True
Is 3686676073 composite?
False
Is 113545256159 prime?
False
Is 69136128317 a prime number?
True
Is 15670537943 prime?
True
Is 949125119 prime?
False
Is 194621713427 composite?
False
Is 905177683 prime?
True
Is 3754217821 composite?
True
Is 423033799 a composite number?
False
Is 7772281961 a prime number?
True
Is 5133319739 a prime number?
True
Is 39807981041 a composite number?
False
Is 2564495411 a composite number?
False
Is 686607409 a prime number?
False
Is 7915669937 a prime number?
False
Is 6379117211 composite?
True
Is 1368398111 a prime number?
True
Is 580238899 prime?
True
Is 1744838941 prime?
True
Is 2181206917 prime?
True
Is 2349433717 prime?
True
Is 39168474971 a composite number?
True
Is 3807740303 a prime number?
True
Is 4228381715 a prime number?
False
Is 18032457143 a prime number?
False
Is 77795832733 a prime number?
True
Is 19919674981 prime?
True
Is 144044713 a prime number?
True
Is 3167281337 composite?
True
Is 985241071 a composite number?
False
Is 15501168257 prime?
True
Is 416924219 prime?
True
Is 2582480759 a prime number?
False
Is 43282121 a composite number?
True
Is 64771407067 prime?
True
Is 1976400473 a composite number?
True
Is 21232960159 a prime number?
False
Is 5378126161 a composite number?
False
Is 394878509 prime?
True
Is 4794443889 a composite number?
True
Is 31918727413 a composite number?
False
Is 894075211 a prime number?
True
Is 2983596139 a composite number?
False
Is 28948295059 prime?
False
Is 7681607189 prime?
True
Is 274467985171 a prime number?
True
Is 75067421314 composite?
True
Is 2147453779 prime?
True
Is 31025894299 composite?
False
Is 126891946843 composite?
True
Is 564442741 a composite number?
False
Is 14677397803 prime?
True
Is 112865983 prime?
True
Is 46305843503 a prime number?
True
Is 3811494847 composite?
False
Is 207233090083 composite?
False
Is 1731496547 prime?
False
Is 23096353121 a composite number?
False
Is 29980926341 a prime number?
True
Is 171379227713 prime?
False
Is 6372355231 a prime number?
False
Is 468863093 a prime number?
True
Is 616760791 prime?
False
Is 1406581777 a prime number?
True
Is 109099249403 a prime number?
False
Is 10622156287 a composite number?
False
Is 104172371 composite?
True
Is 35252213 prime?
True
Is 1502916799 prime?
True
Is 359689013 a composite number?
False
Is 7705617709 a prime number?
True
Is 144271747 composite?
False
Is 18154966939 a composite number?
False
Is 50273886077 composite?
False
Is 16854636569 composite?
False
Is 23637671269 composite?
False
Is 3331461437 composite?
True
Is 12951956665 a prime number?
False
Is 36103589131 prime?
False
Is 103756681559 composite?
False
Is 119004097 a prime number?
False
Is 5022162581 a composite number?
True
Is 2188634837 prime?
True
Is 73589256967 prime?
False
Is 271497299 prime?
False
Is 15962647 composite?
False
Is 33669659 a prime number?
True
Is 1032340117 a composite number?
False
Is 77414799421 a prime number?
True
Is 23957151731 composite?
False
Is 144448327 prime?
True
Is 943867577 a composite number?
False
Is 8475430577 a composite number?
True
Is 48773607397 a composite number?
True
Is 753996913 a composite number?
False
Is 519937387 a prime number?
True
Is 118270310969 composite?
False
Is 46437290561 prime?
True
Is 1154065634 composite?
True
Is 56840737318 composite?
True
Is 64975154173 a composite number?
True
Is 25903900147 composite?
False
Is 37121446633 a composite number?
True
Is 730389809 a composite number?
True
Is 814331941 composite?
False
Is 58990199 composite?
True
Is 23615029 prime?
False
Is 12565993211 a composite number?
False
Is 19915471571 a composite number?
True
Is 263005459 composite?
False
Is 12351061507 prime?
False
Is 9187958191 a composite number?
False
Is 4221856501 composite?
True
Is 1709226471 a prime number?
False
Is 64470540317 a prime number?
False
Is 1019742049 prime?
False
Is 157657187 a prime number?
False
Is 110702963453 a prime number?
True
Is 21019058239 a prime number?
False
Is 19561706321 a composite number?
True
Is 732130013 composite?
True
Is 89585073317 composite?
False
Is 3266535529 prime?
False
Is 146654239 a prime number?
False
Is 3867816037 composite?
False
Is 2539041007 a prime number?
True
Is 1806189127 a prime number?
True
Is 55854714709 a composite number?
True
Is 12894653197 prime?
True
Is 4589455979 a composite number?
True
Is 11993802607 a composite number?
False
Is 203336093 a composite number?
False
Is 57603836965 prime?
False
Is 640249969 a prime number?
False
Is 18791803337 a prime number?
True
Is 284822029 composite?
True
Is 2151972035 composite?
True
Is 1747808687 a composite number?
False
Is 891961153 prime?
False
Is 177697657 composite?
False
Is 2601233354 a prime number?
False
Is 45607928941 composite?
False
Is 13082729711 composite?
True
Is 14746196393 composite?
False
Is 156046156363 a prime number?
True
Is 3583691803 composite?
True
Is 6742184737 composite?
False
Is 7792812371 a composite number?
False
Is 40235747 prime?
True
Is 54086637779 composite?
False
Is 260181721 a prime number?
False
Is 121652424307 prime?
False
Is 11855908607 a composite number?
False
Is 93724041271 prime?
False
Is 49620289547 composite?
False
Is 78562463009 composite?
False
Is 596915519 a prime number?
False
Is 982139261 a composite number?
True
Is 917701601 a composite number?
False
Is 1200997253 prime?
True
Is 62753640333 prime?
False
Is 122302237 prime?
True
Is 635572159 a prime number?
False
Is 260044321 a prime number?
False
Is 57044509 a composite number?
True
Is 4688770381 composite?
True
Is 1427599109 a prime number?
True
Is 539043303 prime?
False
Is 469769359 a composite number?
False
Is 32169317119 a composite number?
True
Is 32336771839 a prime number?
True
Is 940529857 prime?
True
Is 68349509933 a composite number?
True
Is 33192636909 composite?
True
Is 1348699501 composite?
True
Is 1046193769 composite?
False
Is 672400747 composite?
True
Is 6571122157 a prime number?
True
Is 1809359339 composite?
True
Is 4958257679 a prime number?
True
Is 3224270587 composite?
True
Is 16875261817 prime?
True
Is 1020558779 prime?
True
Is 12904605583 prime?
True
Is 3273202187 a composite number?
False
Is 3949631027 prime?
True
Is 886983337 prime?
True
Is 1785581239 composite?
True
Is 3045527491 composite?
True
Is 6150233294 prime?
False
Is 684431717 composite?
True
Is 856779491 a composite number?
False
Is 1525698151 a prime number?
True
Is 94499749391 a composite number?
False
Is 1393680053 composite?
True
Is 631075571 composite?
True
Is 10238430793 prime?
True
Is 600197537 prime?
True
Is 32468681437 a prime number?
True
Is 1035074213 a prime number?
False
Is 46741391197 prime?
True
Is 7862250353 composite?
True
Is 2955248267 a composite number?
True
Is 2040133 a prime number?
True
Is 72330721421 a composite number?
True
Is 503536721 composite?
False
Is 216663581 prime?
False
Is 73091287811 a prime number?
True
Is 406488349 prime?
True
Is 2222969281 a prime number?
False
Is 24716257997 a prime number?
False
Is 569937647 composite?
True
Is 6049906439 a prime number?
F